{"id":2633,"date":"2021-11-20T11:30:04","date_gmt":"2021-11-20T16:30:04","guid":{"rendered":"https:\/\/portail.primadanse.com\/?page_id=2633"},"modified":"2021-11-21T16:07:28","modified_gmt":"2021-11-21T21:07:28","slug":"dashboard","status":"publish","type":"page","link":"https:\/\/portail.primadanse.com\/en\/dashboard\/","title":{"rendered":"Dashboard"},"content":{"rendered":"<section class=\"wpb-content-wrapper\"><p>[vc_row][vc_column][vc_column_text]<\/p>\n<h1 style=\"text-align: center;\"><i class=\"fa fa-columns \" ><\/i><\/h1>\n<p>[\/vc_column_text][\/vc_column][\/vc_row][vc_row full_width=&#8221;stretch_row&#8221; el_id=&#8221;section-ateliers&#8221;][vc_column][vc_column_text]<\/p>\n<h2 style=\"text-align: center;\">Our Workshops<\/h2>\n<p>[\/vc_column_text][\/vc_column][vc_column width=&#8221;1\/3&#8243; el_class=&#8221;section-thumb&#8221;][vc_column_text el_class=&#8221;section-thumb&#8221;]<\/p>\n<p style=\"text-align: center;\"><img loading=\"lazy\" decoding=\"async\" class=\"alignnone size-full wp-image-1290\" src=\"https:\/\/portail.primadanse.com\/wp-content\/uploads\/sites\/2\/2020\/10\/Illustration-Affirmation-de-soi-lock.jpg\" alt=\"Prima Danse - Affirmation de soi - Barr\u00e9\" width=\"1551\" height=\"1356\" srcset=\"https:\/\/portail.primadanse.com\/wp-content\/uploads\/2020\/10\/Illustration-Affirmation-de-soi-lock.jpg 1551w, https:\/\/portail.primadanse.com\/wp-content\/uploads\/2020\/10\/Illustration-Affirmation-de-soi-lock-300x262.jpg 300w, https:\/\/portail.primadanse.com\/wp-content\/uploads\/2020\/10\/Illustration-Affirmation-de-soi-lock-1024x895.jpg 1024w, https:\/\/portail.primadanse.com\/wp-content\/uploads\/2020\/10\/Illustration-Affirmation-de-soi-lock-768x671.jpg 768w, https:\/\/portail.primadanse.com\/wp-content\/uploads\/2020\/10\/Illustration-Affirmation-de-soi-lock-1536x1343.jpg 1536w\" sizes=\"auto, (max-width: 1551px) 100vw, 1551px\" \/><\/p>\n<p>[\/vc_column_text][vc_column_text]<\/p>\n<h3 style=\"text-align: center;\">Self-assertiveness<\/h3>\n<p style=\"text-align: center;\">The assertiveness workshop speaks extensively about diversity, be it cultural, physical or sexual. Recent social contexts have given rise to important movements such as Black Lives Matter, the continuation of #MeToo, the importance of good mental health and valuing openness to others. Despite a pandemic that has caused fear and isolation for many, Prima Danse provides a healthy, non-judgmental and safe environment.<\/p>\n\n<p style=\"text-align: center;\"><strong>$300<\/strong><\/p>\n<p style=\"text-align: center;\"><a class=\"button-main-lg\" href=\"https:\/\/portail.primadanse.com\/plans\/\">Subscribe<\/a><\/p>\n<p style=\"text-align: center;\"><a href=\"https:\/\/portail.primadanse.com\/ateliers-infos-affirmation-de-soi\/\" rel=\"noopener noreferrer\">Find out more<\/a><\/p>\n<p>[\/vc_column_text][\/vc_column][vc_column width=&#8221;1\/3&#8243; el_class=&#8221;section-thumb&#8221;][vc_column_text el_class=&#8221;section-thumb&#8221;]<\/p>\n<p style=\"text-align: center;\"><img loading=\"lazy\" decoding=\"async\" class=\"alignnone size-full wp-image-1294\" src=\"https:\/\/portail.primadanse.com\/wp-content\/uploads\/sites\/2\/2020\/10\/Illustration-Stereotype-de-genre-lock.jpg\" alt=\"Prima Danse - St\u00e9r\u00e9otype de genre - Barr\u00e9\" width=\"1551\" height=\"1356\" srcset=\"https:\/\/portail.primadanse.com\/wp-content\/uploads\/2020\/10\/Illustration-Stereotype-de-genre-lock.jpg 1551w, https:\/\/portail.primadanse.com\/wp-content\/uploads\/2020\/10\/Illustration-Stereotype-de-genre-lock-300x262.jpg 300w, https:\/\/portail.primadanse.com\/wp-content\/uploads\/2020\/10\/Illustration-Stereotype-de-genre-lock-1024x895.jpg 1024w, https:\/\/portail.primadanse.com\/wp-content\/uploads\/2020\/10\/Illustration-Stereotype-de-genre-lock-768x671.jpg 768w, https:\/\/portail.primadanse.com\/wp-content\/uploads\/2020\/10\/Illustration-Stereotype-de-genre-lock-1536x1343.jpg 1536w\" sizes=\"auto, (max-width: 1551px) 100vw, 1551px\" \/><\/p>\n<p>[\/vc_column_text][vc_column_text]<\/p>\n<h3 style=\"text-align: center;\">Gender Stereotype<\/h3>\n<p style=\"text-align: center;\">The workshop on gender stereotypes leads to discussions and exchanges on self-acceptance, that of others and an awareness of the different gender identities, social roles and standards dictated by the media and society. How do gender stereotypes influence our choices and decisions on a daily basis? How to express your femininity or your masculinity? The answers will be discussed together in a healthy and inclusive environment.<\/p>\n\n<p style=\"text-align: center;\"><strong>$300<\/strong><\/p>\n<p style=\"text-align: center;\"><a class=\"button-main-lg\" href=\"https:\/\/portail.primadanse.com\/plans\/\">Subscribe<\/a><\/p>\n<p style=\"text-align: center;\"><a href=\"https:\/\/portail.primadanse.com\/ateliers-infos-stereotypes-de-genre\/\">Find out more<\/a><\/p>\n<p>[\/vc_column_text][\/vc_column][vc_column width=&#8221;1\/3&#8243; el_class=&#8221;section-thumb&#8221;][vc_column_text el_class=&#8221;section-thumb&#8221;]<\/p>\n<p style=\"text-align: center;\"><img loading=\"lazy\" decoding=\"async\" class=\"alignnone size-full wp-image-1292\" src=\"https:\/\/portail.primadanse.com\/wp-content\/uploads\/sites\/2\/2020\/10\/Illustration-Education-sexuelle-lock.jpg\" alt=\"Prima Danse - \u00c9ducation sexuelle - Barr\u00e9\" width=\"1551\" height=\"1356\" srcset=\"https:\/\/portail.primadanse.com\/wp-content\/uploads\/2020\/10\/Illustration-Education-sexuelle-lock.jpg 1551w, https:\/\/portail.primadanse.com\/wp-content\/uploads\/2020\/10\/Illustration-Education-sexuelle-lock-300x262.jpg 300w, https:\/\/portail.primadanse.com\/wp-content\/uploads\/2020\/10\/Illustration-Education-sexuelle-lock-1024x895.jpg 1024w, https:\/\/portail.primadanse.com\/wp-content\/uploads\/2020\/10\/Illustration-Education-sexuelle-lock-768x671.jpg 768w, https:\/\/portail.primadanse.com\/wp-content\/uploads\/2020\/10\/Illustration-Education-sexuelle-lock-1536x1343.jpg 1536w\" sizes=\"auto, (max-width: 1551px) 100vw, 1551px\" \/><\/p>\n<p>[\/vc_column_text][vc_column_text]<\/p>\n<h3 style=\"text-align: center;\">Sexuality in the media<\/h3>\n<p style=\"text-align: center;\">How to bring up the subject of social media with young people. A subject that can be delicate when we don\u2019t live the same reality. The impact of the media can be negative on young people without them realizing it. The important thing is to develop their critical mind in order for them to question the media and not themselves. Prima Danse is there to discuss the image conveyed by society and to break the misconception of the perfect image which undermines the personal confidence of young people.<\/p>\n<p style=\"text-align: center;\"><strong>Not available<\/strong><\/p>\n<p>[\/vc_column_text][\/vc_column][\/vc_row]<\/p>\n<\/section><!--themify_builder_content-->\n<div id=\"themify_builder_content-2633\" data-postid=\"2633\" class=\"themify_builder_content themify_builder_content-2633 themify_builder tf_clear\">\n    <\/div>\n<!--\/themify_builder_content-->\n","protected":false},"excerpt":{"rendered":"<p>[vc_row][vc_column][vc_column_text] [\/vc_column_text][\/vc_column][\/vc_row][vc_row full_width=&#8221;stretch_row&#8221; el_id=&#8221;section-ateliers&#8221;][vc_column][vc_column_text] Our Workshops [\/vc_column_text][\/vc_column][vc_column width=&#8221;1\/3&#8243; el_class=&#8221;section-thumb&#8221;][vc_column_text el_class=&#8221;section-thumb&#8221;] [\/vc_column_text][vc_column_text] Self-assertiveness The assertiveness workshop speaks extensively about diversity, be it cultural, physical or sexual. Recent social contexts have given rise to important movements such as Black Lives Matter, the continuation of #MeToo, the importance of good mental health and valuing openness to others. Despite [&hellip;]<\/p>\n","protected":false},"author":1,"featured_media":0,"parent":0,"menu_order":0,"comment_status":"closed","ping_status":"closed","template":"","meta":{"__cvm_playback_settings":[],"__cvm_video_id":"","footnotes":""},"class_list":["post-2633","page","type-page","status-publish","hentry","has-post-title","has-post-date","has-post-category","has-post-tag","has-post-comment","has-post-author",""],"_links":{"self":[{"href":"https:\/\/portail.primadanse.com\/en\/wp-json\/wp\/v2\/pages\/2633","targetHints":{"allow":["GET"]}}],"collection":[{"href":"https:\/\/portail.primadanse.com\/en\/wp-json\/wp\/v2\/pages"}],"about":[{"href":"https:\/\/portail.primadanse.com\/en\/wp-json\/wp\/v2\/types\/page"}],"author":[{"embeddable":true,"href":"https:\/\/portail.primadanse.com\/en\/wp-json\/wp\/v2\/users\/1"}],"replies":[{"embeddable":true,"href":"https:\/\/portail.primadanse.com\/en\/wp-json\/wp\/v2\/comments?post=2633"}],"version-history":[{"count":2,"href":"https:\/\/portail.primadanse.com\/en\/wp-json\/wp\/v2\/pages\/2633\/revisions"}],"predecessor-version":[{"id":2635,"href":"https:\/\/portail.primadanse.com\/en\/wp-json\/wp\/v2\/pages\/2633\/revisions\/2635"}],"wp:attachment":[{"href":"https:\/\/portail.primadanse.com\/en\/wp-json\/wp\/v2\/media?parent=2633"}],"curies":[{"name":"wp","href":"https:\/\/api.w.org\/{rel}","templated":true}]}}

<section class="wpb-content-wrapper"><p>[vc_row][vc_column][vc_column_text]</p>
<h1 style="text-align: center;"><i class="fa fa-columns " ></i></h1>
<p>[/vc_column_text][/vc_column][/vc_row][vc_row full_width=&#8221;stretch_row&#8221; el_id=&#8221;section-ateliers&#8221;][vc_column][vc_column_text]</p>
<h2 style="text-align: center;">Our Workshops</h2>
<p>[/vc_column_text][/vc_column][vc_column width=&#8221;1/3&#8243; el_class=&#8221;section-thumb&#8221;][vc_column_text el_class=&#8221;section-thumb&#8221;]</p>
<p style="text-align: center;"><img loading="lazy" decoding="async" class="alignnone size-full wp-image-1290" src="https://portail.primadanse.com/wp-content/uploads/sites/2/2020/10/Illustration-Affirmation-de-soi-lock.jpg" alt="Prima Danse - Affirmation de soi - Barré" width="1551" height="1356" srcset="https://portail.primadanse.com/wp-content/uploads/2020/10/Illustration-Affirmation-de-soi-lock.jpg 1551w, https://portail.primadanse.com/wp-content/uploads/2020/10/Illustration-Affirmation-de-soi-lock-300x262.jpg 300w, https://portail.primadanse.com/wp-content/uploads/2020/10/Illustration-Affirmation-de-soi-lock-1024x895.jpg 1024w, https://portail.primadanse.com/wp-content/uploads/2020/10/Illustration-Affirmation-de-soi-lock-768x671.jpg 768w, https://portail.primadanse.com/wp-content/uploads/2020/10/Illustration-Affirmation-de-soi-lock-1536x1343.jpg 1536w" sizes="auto, (max-width: 1551px) 100vw, 1551px" /></p>
<p>[/vc_column_text][vc_column_text]</p>
<h3 style="text-align: center;">Self-assertiveness</h3>
<p style="text-align: center;">The assertiveness workshop speaks extensively about diversity, be it cultural, physical or sexual. Recent social contexts have given rise to important movements such as Black Lives Matter, the continuation of #MeToo, the importance of good mental health and valuing openness to others. Despite a pandemic that has caused fear and isolation for many, Prima Danse provides a healthy, non-judgmental and safe environment.</p>

<p style="text-align: center;"><strong>$300</strong></p>
<p style="text-align: center;"><a class="button-main-lg" href="https://portail.primadanse.com/plans/">Subscribe</a></p>
<p style="text-align: center;"><a href="https://portail.primadanse.com/ateliers-infos-affirmation-de-soi/" rel="noopener noreferrer">Find out more</a></p>
<p>[/vc_column_text][/vc_column][vc_column width=&#8221;1/3&#8243; el_class=&#8221;section-thumb&#8221;][vc_column_text el_class=&#8221;section-thumb&#8221;]</p>
<p style="text-align: center;"><img loading="lazy" decoding="async" class="alignnone size-full wp-image-1294" src="https://portail.primadanse.com/wp-content/uploads/sites/2/2020/10/Illustration-Stereotype-de-genre-lock.jpg" alt="Prima Danse - Stéréotype de genre - Barré" width="1551" height="1356" srcset="https://portail.primadanse.com/wp-content/uploads/2020/10/Illustration-Stereotype-de-genre-lock.jpg 1551w, https://portail.primadanse.com/wp-content/uploads/2020/10/Illustration-Stereotype-de-genre-lock-300x262.jpg 300w, https://portail.primadanse.com/wp-content/uploads/2020/10/Illustration-Stereotype-de-genre-lock-1024x895.jpg 1024w, https://portail.primadanse.com/wp-content/uploads/2020/10/Illustration-Stereotype-de-genre-lock-768x671.jpg 768w, https://portail.primadanse.com/wp-content/uploads/2020/10/Illustration-Stereotype-de-genre-lock-1536x1343.jpg 1536w" sizes="auto, (max-width: 1551px) 100vw, 1551px" /></p>
<p>[/vc_column_text][vc_column_text]</p>
<h3 style="text-align: center;">Gender Stereotype</h3>
<p style="text-align: center;">The workshop on gender stereotypes leads to discussions and exchanges on self-acceptance, that of others and an awareness of the different gender identities, social roles and standards dictated by the media and society. How do gender stereotypes influence our choices and decisions on a daily basis? How to express your femininity or your masculinity? The answers will be discussed together in a healthy and inclusive environment.</p>

<p style="text-align: center;"><strong>$300</strong></p>
<p style="text-align: center;"><a class="button-main-lg" href="https://portail.primadanse.com/plans/">Subscribe</a></p>
<p style="text-align: center;"><a href="https://portail.primadanse.com/ateliers-infos-stereotypes-de-genre/">Find out more</a></p>
<p>[/vc_column_text][/vc_column][vc_column width=&#8221;1/3&#8243; el_class=&#8221;section-thumb&#8221;][vc_column_text el_class=&#8221;section-thumb&#8221;]</p>
<p style="text-align: center;"><img loading="lazy" decoding="async" class="alignnone size-full wp-image-1292" src="https://portail.primadanse.com/wp-content/uploads/sites/2/2020/10/Illustration-Education-sexuelle-lock.jpg" alt="Prima Danse - Éducation sexuelle - Barré" width="1551" height="1356" srcset="https://portail.primadanse.com/wp-content/uploads/2020/10/Illustration-Education-sexuelle-lock.jpg 1551w, https://portail.primadanse.com/wp-content/uploads/2020/10/Illustration-Education-sexuelle-lock-300x262.jpg 300w, https://portail.primadanse.com/wp-content/uploads/2020/10/Illustration-Education-sexuelle-lock-1024x895.jpg 1024w, https://portail.primadanse.com/wp-content/uploads/2020/10/Illustration-Education-sexuelle-lock-768x671.jpg 768w, https://portail.primadanse.com/wp-content/uploads/2020/10/Illustration-Education-sexuelle-lock-1536x1343.jpg 1536w" sizes="auto, (max-width: 1551px) 100vw, 1551px" /></p>
<p>[/vc_column_text][vc_column_text]</p>
<h3 style="text-align: center;">Sexuality in the media</h3>
<p style="text-align: center;">How to bring up the subject of social media with young people. A subject that can be delicate when we don’t live the same reality. The impact of the media can be negative on young people without them realizing it. The important thing is to develop their critical mind in order for them to question the media and not themselves. Prima Danse is there to discuss the image conveyed by society and to break the misconception of the perfect image which undermines the personal confidence of young people.</p>
<p style="text-align: center;"><strong>Not available</strong></p>
<p>[/vc_column_text][/vc_column][/vc_row]</p>
</section><!--themify_builder_content-->
<div id="themify_builder_content-2633" data-postid="2633" class="themify_builder_content themify_builder_content-2633 themify_builder tf_clear">
    </div>
<!--/themify_builder_content-->
